{"id":957,"date":"2020-10-22T10:00:42","date_gmt":"2020-10-22T10:00:42","guid":{"rendered":"https:\/\/estudios.red\/index.php\/contact\/"},"modified":"2021-05-31T11:19:09","modified_gmt":"2021-05-31T11:19:09","slug":"contacto","status":"publish","type":"page","link":"https:\/\/estudios.red\/index.php\/contacto\/","title":{"rendered":"Contacto"},"content":{"rendered":"\n<div class=\"wp-block-cover alignfull has-background-dim-80 has-background-dim\" style=\"background-color:#007991;min-height:480px;aspect-ratio:unset;\"><img loading=\"lazy\" decoding=\"async\" width=\"1920\" height=\"700\" class=\"wp-block-cover__image-background wp-image-168\" alt=\"\" src=\"https:\/\/estudios.red\/wp-content\/uploads\/2020\/02\/bg-06-free-img.jpg\" data-object-fit=\"cover\" srcset=\"https:\/\/estudios.red\/wp-content\/uploads\/2020\/02\/bg-06-free-img.jpg 1920w, https:\/\/estudios.red\/wp-content\/uploads\/2020\/02\/bg-06-free-img-300x109.jpg 300w, https:\/\/estudios.red\/wp-content\/uploads\/2020\/02\/bg-06-free-img-1024x373.jpg 1024w, https:\/\/estudios.red\/wp-content\/uploads\/2020\/02\/bg-06-free-img-768x280.jpg 768w, https:\/\/estudios.red\/wp-content\/uploads\/2020\/02\/bg-06-free-img-1536x560.jpg 1536w\" sizes=\"auto, (max-width: 1920px) 100vw, 1920px\" \/><div class=\"wp-block-cover__inner-container is-layout-flow wp-block-cover-is-layout-flow\">\n<h1 class=\"has-white-color has-text-color wp-block-heading\">Ponte en contacto con nosotros<\/h1>\n\n\n\n<p>Tu opini\u00f3n ser ver\u00e1 reflejada en los ranking que elaboramos anualmente.<\/p>\n<\/div><\/div>\n\n\n\n<div class=\"wp-block-group alignfull has-white-background-color has-background\"><div class=\"wp-block-group__inner-container is-layout-flow wp-block-group-is-layout-flow\">\n<div class=\"wp-block-columns are-vertically-aligned-center is-layout-flex wp-container-core-columns-is-layout-28f84493 wp-block-columns-is-layout-flex\">\n<div class=\"wp-block-column is-vertically-aligned-center is-layout-flow wp-block-column-is-layout-flow\">\n<h2 class=\"wp-block-heading\">Contacto<\/h2>\n\n\n\n<p>estudios.red es elaborada por la empresa ENET Consulting. Informaci\u00f3n de contacto<\/p>\n\n\n\n<ul class=\"wp-block-list\"><li>Direcci\u00f3n: Plaza del Doctor Laguna, 2<\/li><li>info@estudios.red<\/li><li>+34 902 009 311<\/li><\/ul>\n\n\n\n<h5 class=\"wp-block-heading\">Keep in Touch<\/h5>\n\n\n\n<ul class=\"wp-block-social-links is-layout-flex wp-block-social-links-is-layout-flex\"><li class=\"wp-social-link wp-social-link-facebook  wp-block-social-link\"><a href=\"#\" class=\"wp-block-social-link-anchor\"><svg width=\"24\" height=\"24\" viewBox=\"0 0 24 24\" version=\"1.1\" xmlns=\"http:\/\/www.w3.org\/2000\/svg\" aria-hidden=\"true\" focusable=\"false\"><path d=\"M12 2C6.5 2 2 6.5 2 12c0 5 3.7 9.1 8.4 9.9v-7H7.9V12h2.5V9.8c0-2.5 1.5-3.9 3.8-3.9 1.1 0 2.2.2 2.2.2v2.5h-1.3c-1.2 0-1.6.8-1.6 1.6V12h2.8l-.4 2.9h-2.3v7C18.3 21.1 22 17 22 12c0-5.5-4.5-10-10-10z\"><\/path><\/svg><span class=\"wp-block-social-link-label screen-reader-text\">Facebook<\/span><\/a><\/li>\n\n<li class=\"wp-social-link wp-social-link-twitter  wp-block-social-link\"><a href=\"#\" class=\"wp-block-social-link-anchor\"><svg width=\"24\" height=\"24\" viewBox=\"0 0 24 24\" version=\"1.1\" xmlns=\"http:\/\/www.w3.org\/2000\/svg\" aria-hidden=\"true\" focusable=\"false\"><path d=\"M22.23,5.924c-0.736,0.326-1.527,0.547-2.357,0.646c0.847-0.508,1.498-1.312,1.804-2.27 c-0.793,0.47-1.671,0.812-2.606,0.996C18.324,4.498,17.257,4,16.077,4c-2.266,0-4.103,1.837-4.103,4.103 c0,0.322,0.036,0.635,0.106,0.935C8.67,8.867,5.647,7.234,3.623,4.751C3.27,5.357,3.067,6.062,3.067,6.814 c0,1.424,0.724,2.679,1.825,3.415c-0.673-0.021-1.305-0.206-1.859-0.513c0,0.017,0,0.034,0,0.052c0,1.988,1.414,3.647,3.292,4.023 c-0.344,0.094-0.707,0.144-1.081,0.144c-0.264,0-0.521-0.026-0.772-0.074c0.522,1.63,2.038,2.816,3.833,2.85 c-1.404,1.1-3.174,1.756-5.096,1.756c-0.331,0-0.658-0.019-0.979-0.057c1.816,1.164,3.973,1.843,6.29,1.843 c7.547,0,11.675-6.252,11.675-11.675c0-0.178-0.004-0.355-0.012-0.531C20.985,7.47,21.68,6.747,22.23,5.924z\"><\/path><\/svg><span class=\"wp-block-social-link-label screen-reader-text\">Twitter<\/span><\/a><\/li>\n\n<li class=\"wp-social-link wp-social-link-youtube  wp-block-social-link\"><a href=\"#\" class=\"wp-block-social-link-anchor\"><svg width=\"24\" height=\"24\" viewBox=\"0 0 24 24\" version=\"1.1\" xmlns=\"http:\/\/www.w3.org\/2000\/svg\" aria-hidden=\"true\" focusable=\"false\"><path d=\"M21.8,8.001c0,0-0.195-1.378-0.795-1.985c-0.76-0.797-1.613-0.801-2.004-0.847c-2.799-0.202-6.997-0.202-6.997-0.202 h-0.009c0,0-4.198,0-6.997,0.202C4.608,5.216,3.756,5.22,2.995,6.016C2.395,6.623,2.2,8.001,2.2,8.001S2,9.62,2,11.238v1.517 c0,1.618,0.2,3.237,0.2,3.237s0.195,1.378,0.795,1.985c0.761,0.797,1.76,0.771,2.205,0.855c1.6,0.153,6.8,0.201,6.8,0.201 s4.203-0.006,7.001-0.209c0.391-0.047,1.243-0.051,2.004-0.847c0.6-0.607,0.795-1.985,0.795-1.985s0.2-1.618,0.2-3.237v-1.517 C22,9.62,21.8,8.001,21.8,8.001z M9.935,14.594l-0.001-5.62l5.404,2.82L9.935,14.594z\"><\/path><\/svg><span class=\"wp-block-social-link-label screen-reader-text\">YouTube<\/span><\/a><\/li><\/ul>\n\n\n\n<p><\/p>\n\n\n\n<iframe loading=\"lazy\" src=\"https:\/\/www.google.com\/maps\/embed?pb=!1m18!1m12!1m3!1d3037.7050208117394!2d-3.6754175493390386!3d40.415385063544534!2m3!1f0!2f0!3f0!3m2!1i1024!2i768!4f13.1!3m3!1m2!1s0xd4228a7ce813731%3A0x98084872da7cef46!2sENET%20Consulting!5e0!3m2!1ses!2ses!4v1622459899929!5m2!1ses!2ses\" width=\"450\" height=\"200\" frameborder=\"0\" style=\"border:0;\" allowfullscreen=\"\" aria-hidden=\"false\" tabindex=\"0\"><\/iframe>\n<\/div>\n\n\n\n<div class=\"wp-block-column is-vertically-aligned-center is-layout-flow wp-block-column-is-layout-flow\">\n<div class=\"wp-block-group\"><div class=\"wp-block-group__inner-container is-layout-flow wp-block-group-is-layout-flow\">\n<div class=\"wp-block-group has-background\" style=\"background-color:#f3f3f3\"><div class=\"wp-block-group__inner-container is-layout-flow wp-block-group-is-layout-flow\">\n<h4 class=\"wp-block-heading\">Formulario de contacto<\/h4>\n\n\n\n<p>Por favor, indica un n\u00famero de tel\u00e9fono donde podamos contactar contigo.<\/p>\n\n\n\n<div class=\"wp-block-contact-form-7-contact-form-selector\">\n<div class=\"wpcf7 no-js\" id=\"wpcf7-f4-o1\" lang=\"es-ES\" dir=\"ltr\" data-wpcf7-id=\"4\">\n<div class=\"screen-reader-response\"><p role=\"status\" aria-live=\"polite\" aria-atomic=\"true\"><\/p> <ul><\/ul><\/div>\n<form action=\"\/index.php\/wp-json\/wp\/v2\/pages\/957#wpcf7-f4-o1\" method=\"post\" class=\"wpcf7-form init\" aria-label=\"Formulario de contacto\" novalidate=\"novalidate\" data-status=\"init\">\n<fieldset class=\"hidden-fields-container\"><input type=\"hidden\" name=\"_wpcf7\" value=\"4\" \/><input type=\"hidden\" name=\"_wpcf7_version\" value=\"6.1.5\" \/><input type=\"hidden\" name=\"_wpcf7_locale\" value=\"es_ES\" \/><input type=\"hidden\" name=\"_wpcf7_unit_tag\" value=\"wpcf7-f4-o1\" \/><input type=\"hidden\" name=\"_wpcf7_container_post\" value=\"0\" \/><input type=\"hidden\" name=\"_wpcf7_posted_data_hash\" value=\"\" \/>\n<\/fieldset>\n<p><label> Tu nombre<br \/>\n<span class=\"wpcf7-form-control-wrap\" data-name=\"your-name\"><input size=\"40\" maxlength=\"400\" class=\"wpcf7-form-control wpcf7-text wpcf7-validates-as-required\" aria-required=\"true\" aria-invalid=\"false\" value=\"\" type=\"text\" name=\"your-name\" \/><\/span> <\/label>\n<\/p>\n<p><label> Tu correo electr\u00f3nico<br \/>\n<span class=\"wpcf7-form-control-wrap\" data-name=\"your-email\"><input size=\"40\" maxlength=\"400\" class=\"wpcf7-form-control wpcf7-email wpcf7-validates-as-required wpcf7-text wpcf7-validates-as-email\" aria-required=\"true\" aria-invalid=\"false\" value=\"\" type=\"email\" name=\"your-email\" \/><\/span> <\/label>\n<\/p>\n<p><label> Asunto<br \/>\n<span class=\"wpcf7-form-control-wrap\" data-name=\"your-subject\"><input size=\"40\" maxlength=\"400\" class=\"wpcf7-form-control wpcf7-text wpcf7-validates-as-required\" aria-required=\"true\" aria-invalid=\"false\" value=\"\" type=\"text\" name=\"your-subject\" \/><\/span> <\/label>\n<\/p>\n<p><label> Tu mensaje (opcional)<br \/>\n<span class=\"wpcf7-form-control-wrap\" data-name=\"your-message\"><textarea cols=\"40\" rows=\"10\" maxlength=\"2000\" class=\"wpcf7-form-control wpcf7-textarea\" aria-invalid=\"false\" name=\"your-message\"><\/textarea><\/span> <\/label>\n<\/p>\n<p><input class=\"wpcf7-form-control wpcf7-submit has-spinner\" type=\"submit\" value=\"Enviar\" \/>\n<\/p><p style=\"display: none !important;\" class=\"akismet-fields-container\" data-prefix=\"_wpcf7_ak_\"><label>&#916;<textarea name=\"_wpcf7_ak_hp_textarea\" cols=\"45\" rows=\"8\" maxlength=\"100\"><\/textarea><\/label><input type=\"hidden\" id=\"ak_js_1\" name=\"_wpcf7_ak_js\" value=\"209\"\/><script>document.getElementById( \"ak_js_1\" ).setAttribute( \"value\", ( new Date() ).getTime() );<\/script><\/p><div class=\"wpcf7-response-output\" aria-hidden=\"true\"><\/div>\n<\/form>\n<\/div>\n<\/div>\n<\/div><\/div>\n<\/div><\/div>\n<\/div>\n<\/div>\n<\/div><\/div>\n\n\n\n<div class=\"wp-block-group alignfull has-background\" style=\"background-color:#ecf0f2\"><div class=\"wp-block-group__inner-container is-layout-flow wp-block-group-is-layout-flow\">\n<h2 class=\"has-text-align-center wp-block-heading\">Opina<\/h2>\n\n\n\n<p class=\"has-text-align-center\">Si quieres opinar sobre alguna Instituci\u00f3n Educativa, puedes hacerlo pulsando este bot\u00f3n. Las opiniones son an\u00f3nimas y tratadas con absoluta confidencialidad.<\/p>\n\n\n\n<div class=\"wp-block-buttons is-content-justification-center is-layout-flex wp-block-buttons-is-layout-flex\">\n<div class=\"wp-block-button\"><a class=\"wp-block-button__link\" href=\"mailto:info@estudios.red\">Opinar<\/a><\/div>\n<\/div>\n\n\n\n<p><\/p>\n<\/div><\/div>\n","protected":false},"excerpt":{"rendered":"<p>Contacto estudios.red es elaborada por la empresa ENET Consulting. Informaci\u00f3n de contacto Direcci\u00f3n: Plaza del Doctor Laguna, 2 info@estudios.red +34 902 009 311 Keep in Touch Formulario de contacto Por favor, indica un n\u00famero de tel\u00e9fono donde podamos contactar contigo.<\/p>\n","protected":false},"author":1,"featured_media":0,"parent":0,"menu_order":0,"comment_status":"closed","ping_status":"closed","template":"","meta":{"site-sidebar-layout":"no-sidebar","site-content-layout":"plain-container","ast-site-content-layout":"default","site-content-style":"default","site-sidebar-style":"default","ast-global-header-display":"","ast-banner-title-visibility":"","ast-main-header-display":"","ast-hfb-above-header-display":"","ast-hfb-below-header-display":"","ast-hfb-mobile-header-display":"","site-post-title":"disabled","ast-breadcrumbs-content":"disabled","ast-featured-img":"disabled","footer-sml-layout":"","theme-transparent-header-meta":"enabled","adv-header-id-meta":"","stick-header-meta":"","header-above-stick-meta":"","header-main-stick-meta":"","header-below-stick-meta":"","astra-migrate-meta-layouts":"default","ast-page-background-enabled":"default","ast-page-background-meta":{"desktop":{"background-color":"","background-image":"","background-repeat":"repeat","background-position":"center center","background-size":"auto","background-attachment":"scroll","background-type":"","background-media":"","overlay-type":"","overlay-color":"","overlay-opacity":"","overlay-gradient":""},"tablet":{"background-color":"","background-image":"","background-repeat":"repeat","background-position":"center center","background-size":"auto","background-attachment":"scroll","background-type":"","background-media":"","overlay-type":"","overlay-color":"","overlay-opacity":"","overlay-gradient":""},"mobile":{"background-color":"","background-image":"","background-repeat":"repeat","background-position":"center center","background-size":"auto","background-attachment":"scroll","background-type":"","background-media":"","overlay-type":"","overlay-color":"","overlay-opacity":"","overlay-gradient":""}},"ast-content-background-meta":{"desktop":{"background-color":"var(--ast-global-color-5)","background-image":"","background-repeat":"repeat","background-position":"center center","background-size":"auto","background-attachment":"scroll","background-type":"","background-media":"","overlay-type":"","overlay-color":"","overlay-opacity":"","overlay-gradient":""},"tablet":{"background-color":"var(--ast-global-color-5)","background-image":"","background-repeat":"repeat","background-position":"center center","background-size":"auto","background-attachment":"scroll","background-type":"","background-media":"","overlay-type":"","overlay-color":"","overlay-opacity":"","overlay-gradient":""},"mobile":{"background-color":"var(--ast-global-color-5)","background-image":"","background-repeat":"repeat","background-position":"center center","background-size":"auto","background-attachment":"scroll","background-type":"","background-media":"","overlay-type":"","overlay-color":"","overlay-opacity":"","overlay-gradient":""}},"footnotes":""},"class_list":["post-957","page","type-page","status-publish","hentry"],"yoast_head":"<!-- This site is optimized with the Yoast SEO plugin v27.4 - https:\/\/yoast.com\/product\/yoast-seo-wordpress\/ -->\n<title>Contacto - ESTUDIOS.RED<\/title>\n<meta name=\"robots\" content=\"index, follow, max-snippet:-1, max-image-preview:large, max-video-preview:-1\" \/>\n<link rel=\"canonical\" href=\"https:\/\/estudios.red\/index.php\/contacto\/\" \/>\n<meta property=\"og:locale\" content=\"es_ES\" \/>\n<meta property=\"og:type\" content=\"article\" \/>\n<meta property=\"og:title\" content=\"Contacto - ESTUDIOS.RED\" \/>\n<meta property=\"og:description\" content=\"Contacto estudios.red es elaborada por la empresa ENET Consulting. Informaci\u00f3n de contacto Direcci\u00f3n: Plaza del Doctor Laguna, 2 info@estudios.red +34 902 009 311 Keep in Touch Formulario de contacto Por favor, indica un n\u00famero de tel\u00e9fono donde podamos contactar contigo.\" \/>\n<meta property=\"og:url\" content=\"https:\/\/estudios.red\/index.php\/contacto\/\" \/>\n<meta property=\"og:site_name\" content=\"ESTUDIOS.RED\" \/>\n<meta property=\"article:modified_time\" content=\"2021-05-31T11:19:09+00:00\" \/>\n<meta property=\"og:image\" content=\"https:\/\/estudios.red\/wp-content\/uploads\/2020\/02\/bg-06-free-img.jpg\" \/>\n<meta name=\"twitter:card\" content=\"summary_large_image\" \/>\n<meta name=\"twitter:label1\" content=\"Tiempo de lectura\" \/>\n\t<meta name=\"twitter:data1\" content=\"1 minuto\" \/>\n<script type=\"application\/ld+json\" class=\"yoast-schema-graph\">{\"@context\":\"https:\\\/\\\/schema.org\",\"@graph\":[{\"@type\":\"WebPage\",\"@id\":\"https:\\\/\\\/estudios.red\\\/index.php\\\/contacto\\\/\",\"url\":\"https:\\\/\\\/estudios.red\\\/index.php\\\/contacto\\\/\",\"name\":\"Contacto - ESTUDIOS.RED\",\"isPartOf\":{\"@id\":\"https:\\\/\\\/estudios.red\\\/#website\"},\"primaryImageOfPage\":{\"@id\":\"https:\\\/\\\/estudios.red\\\/index.php\\\/contacto\\\/#primaryimage\"},\"image\":{\"@id\":\"https:\\\/\\\/estudios.red\\\/index.php\\\/contacto\\\/#primaryimage\"},\"thumbnailUrl\":\"https:\\\/\\\/estudios.red\\\/wp-content\\\/uploads\\\/2020\\\/02\\\/bg-06-free-img.jpg\",\"datePublished\":\"2020-10-22T10:00:42+00:00\",\"dateModified\":\"2021-05-31T11:19:09+00:00\",\"breadcrumb\":{\"@id\":\"https:\\\/\\\/estudios.red\\\/index.php\\\/contacto\\\/#breadcrumb\"},\"inLanguage\":\"es\",\"potentialAction\":[{\"@type\":\"ReadAction\",\"target\":[\"https:\\\/\\\/estudios.red\\\/index.php\\\/contacto\\\/\"]}]},{\"@type\":\"ImageObject\",\"inLanguage\":\"es\",\"@id\":\"https:\\\/\\\/estudios.red\\\/index.php\\\/contacto\\\/#primaryimage\",\"url\":\"https:\\\/\\\/estudios.red\\\/wp-content\\\/uploads\\\/2020\\\/02\\\/bg-06-free-img.jpg\",\"contentUrl\":\"https:\\\/\\\/estudios.red\\\/wp-content\\\/uploads\\\/2020\\\/02\\\/bg-06-free-img.jpg\",\"width\":1920,\"height\":700,\"caption\":\"Background Image\"},{\"@type\":\"BreadcrumbList\",\"@id\":\"https:\\\/\\\/estudios.red\\\/index.php\\\/contacto\\\/#breadcrumb\",\"itemListElement\":[{\"@type\":\"ListItem\",\"position\":1,\"name\":\"Portada\",\"item\":\"https:\\\/\\\/estudios.red\\\/\"},{\"@type\":\"ListItem\",\"position\":2,\"name\":\"Contacto\"}]},{\"@type\":\"WebSite\",\"@id\":\"https:\\\/\\\/estudios.red\\\/#website\",\"url\":\"https:\\\/\\\/estudios.red\\\/\",\"name\":\"ESTUDIOS.RED\",\"description\":\"RED DE CENTROS EDUCATIVOS\",\"publisher\":{\"@id\":\"https:\\\/\\\/estudios.red\\\/#organization\"},\"potentialAction\":[{\"@type\":\"SearchAction\",\"target\":{\"@type\":\"EntryPoint\",\"urlTemplate\":\"https:\\\/\\\/estudios.red\\\/?s={search_term_string}\"},\"query-input\":{\"@type\":\"PropertyValueSpecification\",\"valueRequired\":true,\"valueName\":\"search_term_string\"}}],\"inLanguage\":\"es\"},{\"@type\":\"Organization\",\"@id\":\"https:\\\/\\\/estudios.red\\\/#organization\",\"name\":\"ESTUDIOS.RED\",\"url\":\"https:\\\/\\\/estudios.red\\\/\",\"logo\":{\"@type\":\"ImageObject\",\"inLanguage\":\"es\",\"@id\":\"https:\\\/\\\/estudios.red\\\/#\\\/schema\\\/logo\\\/image\\\/\",\"url\":\"https:\\\/\\\/estudios.red\\\/wp-content\\\/uploads\\\/2021\\\/04\\\/cropped-logo-estudios-2.png\",\"contentUrl\":\"https:\\\/\\\/estudios.red\\\/wp-content\\\/uploads\\\/2021\\\/04\\\/cropped-logo-estudios-2.png\",\"width\":562,\"height\":450,\"caption\":\"ESTUDIOS.RED\"},\"image\":{\"@id\":\"https:\\\/\\\/estudios.red\\\/#\\\/schema\\\/logo\\\/image\\\/\"}}]}<\/script>\n<!-- \/ Yoast SEO plugin. -->","yoast_head_json":{"title":"Contacto - ESTUDIOS.RED","robots":{"index":"index","follow":"follow","max-snippet":"max-snippet:-1","max-image-preview":"max-image-preview:large","max-video-preview":"max-video-preview:-1"},"canonical":"https:\/\/estudios.red\/index.php\/contacto\/","og_locale":"es_ES","og_type":"article","og_title":"Contacto - ESTUDIOS.RED","og_description":"Contacto estudios.red es elaborada por la empresa ENET Consulting. Informaci\u00f3n de contacto Direcci\u00f3n: Plaza del Doctor Laguna, 2 info@estudios.red +34 902 009 311 Keep in Touch Formulario de contacto Por favor, indica un n\u00famero de tel\u00e9fono donde podamos contactar contigo.","og_url":"https:\/\/estudios.red\/index.php\/contacto\/","og_site_name":"ESTUDIOS.RED","article_modified_time":"2021-05-31T11:19:09+00:00","og_image":[{"url":"https:\/\/estudios.red\/wp-content\/uploads\/2020\/02\/bg-06-free-img.jpg","type":"","width":"","height":""}],"twitter_card":"summary_large_image","twitter_misc":{"Tiempo de lectura":"1 minuto"},"schema":{"@context":"https:\/\/schema.org","@graph":[{"@type":"WebPage","@id":"https:\/\/estudios.red\/index.php\/contacto\/","url":"https:\/\/estudios.red\/index.php\/contacto\/","name":"Contacto - ESTUDIOS.RED","isPartOf":{"@id":"https:\/\/estudios.red\/#website"},"primaryImageOfPage":{"@id":"https:\/\/estudios.red\/index.php\/contacto\/#primaryimage"},"image":{"@id":"https:\/\/estudios.red\/index.php\/contacto\/#primaryimage"},"thumbnailUrl":"https:\/\/estudios.red\/wp-content\/uploads\/2020\/02\/bg-06-free-img.jpg","datePublished":"2020-10-22T10:00:42+00:00","dateModified":"2021-05-31T11:19:09+00:00","breadcrumb":{"@id":"https:\/\/estudios.red\/index.php\/contacto\/#breadcrumb"},"inLanguage":"es","potentialAction":[{"@type":"ReadAction","target":["https:\/\/estudios.red\/index.php\/contacto\/"]}]},{"@type":"ImageObject","inLanguage":"es","@id":"https:\/\/estudios.red\/index.php\/contacto\/#primaryimage","url":"https:\/\/estudios.red\/wp-content\/uploads\/2020\/02\/bg-06-free-img.jpg","contentUrl":"https:\/\/estudios.red\/wp-content\/uploads\/2020\/02\/bg-06-free-img.jpg","width":1920,"height":700,"caption":"Background Image"},{"@type":"BreadcrumbList","@id":"https:\/\/estudios.red\/index.php\/contacto\/#breadcrumb","itemListElement":[{"@type":"ListItem","position":1,"name":"Portada","item":"https:\/\/estudios.red\/"},{"@type":"ListItem","position":2,"name":"Contacto"}]},{"@type":"WebSite","@id":"https:\/\/estudios.red\/#website","url":"https:\/\/estudios.red\/","name":"ESTUDIOS.RED","description":"RED DE CENTROS EDUCATIVOS","publisher":{"@id":"https:\/\/estudios.red\/#organization"},"potentialAction":[{"@type":"SearchAction","target":{"@type":"EntryPoint","urlTemplate":"https:\/\/estudios.red\/?s={search_term_string}"},"query-input":{"@type":"PropertyValueSpecification","valueRequired":true,"valueName":"search_term_string"}}],"inLanguage":"es"},{"@type":"Organization","@id":"https:\/\/estudios.red\/#organization","name":"ESTUDIOS.RED","url":"https:\/\/estudios.red\/","logo":{"@type":"ImageObject","inLanguage":"es","@id":"https:\/\/estudios.red\/#\/schema\/logo\/image\/","url":"https:\/\/estudios.red\/wp-content\/uploads\/2021\/04\/cropped-logo-estudios-2.png","contentUrl":"https:\/\/estudios.red\/wp-content\/uploads\/2021\/04\/cropped-logo-estudios-2.png","width":562,"height":450,"caption":"ESTUDIOS.RED"},"image":{"@id":"https:\/\/estudios.red\/#\/schema\/logo\/image\/"}}]}},"_links":{"self":[{"href":"https:\/\/estudios.red\/index.php\/wp-json\/wp\/v2\/pages\/957","targetHints":{"allow":["GET"]}}],"collection":[{"href":"https:\/\/estudios.red\/index.php\/wp-json\/wp\/v2\/pages"}],"about":[{"href":"https:\/\/estudios.red\/index.php\/wp-json\/wp\/v2\/types\/page"}],"author":[{"embeddable":true,"href":"https:\/\/estudios.red\/index.php\/wp-json\/wp\/v2\/users\/1"}],"replies":[{"embeddable":true,"href":"https:\/\/estudios.red\/index.php\/wp-json\/wp\/v2\/comments?post=957"}],"version-history":[{"count":4,"href":"https:\/\/estudios.red\/index.php\/wp-json\/wp\/v2\/pages\/957\/revisions"}],"predecessor-version":[{"id":1213,"href":"https:\/\/estudios.red\/index.php\/wp-json\/wp\/v2\/pages\/957\/revisions\/1213"}],"wp:attachment":[{"href":"https:\/\/estudios.red\/index.php\/wp-json\/wp\/v2\/media?parent=957"}],"curies":[{"name":"wp","href":"https:\/\/api.w.org\/{rel}","templated":true}]}}